nd 128?
64
Calculate the greatest common factor of 94 and 20962.
94
What is the greatest common divisor of 225 and 27?
9
Calculate the highest common divisor of 11 and 704.
11
What is the greatest common factor of 286 and 1287?
143
What is the greatest common divisor of 17 and 145571?
17
Calculate the highest common factor of 50 and 150.
50
What is the greatest common factor of 627 and 741?
57
Calculate the highest common factor of 1188 and 4374.
54
Calculate the greatest common factor of 14 and 434.
14
Calculate the greatest common factor of 4661 and 59.
59
Calculate the highest common factor of 156 and 120.
12
What is the highest common divisor of 742 and 84?
14
What is the highest common factor of 560 and 35?
35
What is the highest common factor of 153 and 136?
17
What is the highest common factor of 99 and 117?
9
What is the highest common divisor of 1586 and 671?
61
What is the highest common divisor of 3025 and 242?
121
What is the greatest common divisor of 2278 and 68?
34
Calculate the greatest common factor of 2942 and 4.
2
Calculate the greatest common factor of 606 and 6.
6
Calculate the highest common divisor of 854 and 15494.
122
Calculate the highest common factor of 66 and 209.
11
Calculate the highest common divisor of 32 and 14048.
32
Calculate the greatest common divisor of 962 and 26.
26
Calculate the highest common divisor of 8 and 25.
1
What is the greatest common factor of 132 and 330?
66
Calculate the greatest common divisor of 1617 and 126.
21
Calculate the highest common divisor of 6272 and 980.
196
What is the greatest common factor of 126 and 840?
42
Calculate the greatest common divisor of 616 and 68.
4
What is the highest common divisor of 1037 and 366?
61
Calculate the greatest common factor of 902 and 110.
22
What is the highest common divisor of 120 and 1128?
24
What is the highest common divisor of 160 and 8?
8
Calculate the highest common divisor of 329 and 3431.
47
What is the greatest common divisor of 2759 and 445?
89
Calculate the greatest common factor of 7719 and 93.
93
Calculate the greatest common divisor of 156 and 108.
12
Calculate the greatest common divisor of 14432 and 2464.
352
Calculate the greatest common divisor of 3094 and 182.
182
What is the highest common divisor of 770 and 140?
70
Calculate the greatest common divisor of 12 and 972.
12
What is the greatest common divisor of 32 and 608?
32
What is the highest common divisor of 62 and 1116?
62
Calculate the greatest common divisor of 782 and 68.
34
Calculate the highest common factor of 15 and 5055.
15
Calculate the greatest common divisor of 3256 and 444.
148
Calculate the greatest common divisor of 32 and 288.
32
Calculate the greatest common factor of 51 and 51.
51
What is the highest common factor of 567 and 54?
27
What is the highest common divisor of 324 and 81?
81
Calculate the greatest common factor of 35 and 100.
5
What is the greatest common factor of 18 and 3474?
18
What is the highest common factor of 2603 and 1781?
137
Calculate the greatest common factor of 67500 and 125.
125
Calculate the highest common factor of 32 and 80.
16
What is the greatest common factor of 92 and 3956?
92
Calculate the greatest common divisor of 583 and 33.
11
Calculate the greatest common divisor of 2335 and 10.
5
Calculate the highest common factor of 1113 and 53.
53
Calculate the greatest common factor of 3059 and 1197.
133
What is the greatest common factor of 2618 and 231?
77
What is the greatest common divisor of 132 and 384?
12
What is the highest common factor of 105 and 140?
35
What is the highest common factor of 20 and 265?
5
Calculate the greatest common divisor of 65 and 30.
5
Calculate the highest common divisor of 121 and 22.
11
What is the highest common factor of 52 and 6?
2
Calculate the greatest common divisor of 17182 and 121.
121
Calculate the highest common factor of 60 and 8.
4
Calculate the highest common factor of 33 and 3971.
11
Calculate the highest common divisor of 32 and 92.
4
What is the greatest common divisor of 40 and 80?
40
Calculate the highest common factor of 1700 and 10.
10
What is the greatest common factor of 2750 and 100?
50
Calculate the greatest common factor of 232 and 15544.
232
Calculate the highest common divisor of 14 and 30254.
14
Calculate the greatest common divisor of 666 and 747.
9
Calculate the highest common factor of 127619 and 17.
17
Calculate the greatest common factor of 198 and 18.
18
What is the highest common factor of 12 and 9840?
12
What is the greatest common factor of 46 and 5244?
46
What is the highest common divisor of 224 and 20?
4
What is the greatest common divisor of 1558 and 574?
82
What is the highest common divisor of 144 and 9000?
72
What is the greatest common factor of 9 and 72?
9
What is the greatest common factor of 2 and 722?
2
What is the greatest common factor of 7 and 11?
1
What is the greatest common divisor of 95 and 24985?
95
Calculate the greatest common divisor of 30 and 1120.
10
What is the highest common factor of 90 and 18?
18
Calculate the highest common factor of 943 and 46.
23
What is the highest common divisor of 32 and 328?
8
What is the highest common divisor of 955 and 1337?
191
Calculate the highest common divisor of 736 and 64.
32
What is the greatest common factor of 495 and 803?
11
What is the greatest common factor of 32 and 20?
4
Calculate the highest common factor of 1610 and 184.
46
What is the greatest common divisor of 13437 and 18?
9
What is the greatest common factor of 4899 and 852?
213
What is the greatest common divisor of 441 and 144?
9
Calculate the highest common factor of 39 and 91.
13
What is the greatest common factor of 1090 and 20?
10
What is the highest common divisor of 333 and 407?
37
What is the highest common divisor of 7 and 1939?
7
Calculate the highest common factor of 1552 and 56.
8
Calculate the highest common factor of 5 and 7240.
5
Calculate the highest common factor of 6747 and 312.
39
What is the greatest common divisor of 327 and 12?
3
Calculate the greatest common divisor of 651 and 93.
93
Calculate the greatest common divisor of 1252 and 12.
4
What is the greatest common factor of 85 and 629?
17
What is the greatest common factor of 1881 and 132?
33
What is the greatest common divisor of 7872 and 123?
123
Calculate the greatest common divisor of 123 and 1353.
123
What is the greatest common factor of 70 and 13170?
10
Calculate the highest common factor of 44675 and 25.
25
Calculate the greatest common factor of 12 and 12.
12
Calculate the highest common divisor of 8 and 88.
8
What is the highest common divisor of 91 and 377?
13
What is the highest common divisor of 138 and 13570?
46
What is the greatest common factor of 217 and 35?
7
What is the greatest common factor of 350 and 42?
14
Calculate the highest common divisor of 1830 and 1230.
30
What is the greatest common factor of 306 and 126?
18
What is the highest common divisor of 2450 and 50?
50
Calculate the highest common divisor of 581 and 332.
83
Calculate the highest common factor of 54 and 297.
27
What is the highest common divisor of 700 and 200?
100
Calculate the greatest common divisor of 780 and 516.
12
What is the highest common factor of 308 and 1120?
28
Calculate the highest common factor of 430 and 10.
10
Calculate the highest common divisor of 992 and 279.
31
What is the greatest common factor of 4180 and 5?
5
What is the greatest common divisor of 119 and 527?
17
Calculate the greatest common factor of 1071 and 21.
21
What is the highest common divisor of 1566 and 754?
58
What is the highest common divisor of 7 and 203?
7
Calculate the highest common factor of 483 and 21.
21
What is the highest common divisor of 123 and 2337?
123
What is the greatest common factor of 14 and 34?
2
What is the highest common factor of 41 and 6191?
41
Calculate the greatest common divisor of 26 and 806.
26
What is the highest common factor of 368 and 32?
16
What is the greatest common divisor of 2193 and 129?
129
What is the highest common divisor of 33727 and 29?
29
What is the greatest common divisor of 85 and 20?
5
Calculate the greatest common divisor of 6697 and 181.
181
What is the greatest common factor of 100 and 60?
20
What is the highest common facto